eatest common factor of 920917 and 487.
487
Calculate the highest common divisor of 209750 and 2000.
250
Calculate the highest common factor of 732 and 314220.
12
Calculate the greatest common factor of 48248 and 4736.
296
What is the highest common factor of 348 and 6012?
12
Calculate the highest common divisor of 1120 and 1055200.
160
What is the highest common factor of 128288 and 5624?
152
What is the highest common divisor of 8174 and 549?
61
Calculate the greatest common factor of 27722 and 1336.
334
What is the highest common factor of 256 and 7424?
256
What is the greatest common divisor of 37204 and 3337?
71
What is the highest common divisor of 12153 and 15?
3
Calculate the highest common divisor of 249121 and 37.
37
Calculate the highest common divisor of 260 and 81220.
20
Calculate the greatest common divisor of 86 and 491791.
43
Calculate the highest common factor of 222 and 2490063.
111
Calculate the greatest common divisor of 1386 and 75642.
42
What is the greatest common divisor of 583205 and 16625?
665
What is the highest common factor of 13033231 and 541?
541
What is the greatest common factor of 12 and 297012?
12
What is the greatest common factor of 67155 and 370?
185
Calculate the greatest common divisor of 1968 and 982524.
492
Calculate the highest common factor of 291 and 204.
3
Calculate the highest common divisor of 50 and 98590.
10
What is the highest common divisor of 172 and 272620?
172
What is the greatest common factor of 79489 and 2059?
29
What is the highest common factor of 15438 and 5478?
498
Calculate the greatest common divisor of 4284 and 1944.
36
What is the highest common factor of 11268 and 1116?
36
Calculate the highest common divisor of 313361 and 918.
17
What is the greatest common factor of 11695 and 65?
5
What is the highest common factor of 43976 and 552?
184
Calculate the greatest common factor of 51 and 14778.
3
What is the greatest common divisor of 14115350 and 50?
50
Calculate the highest common divisor of 23921 and 247.
19
Calculate the highest common divisor of 5733 and 124605.
117
Calculate the greatest common divisor of 1824 and 54264.
456
What is the highest common divisor of 247891 and 539?
49
Calculate the greatest common factor of 1859 and 198.
11
Calculate the highest common factor of 9217 and 26.
13
What is the greatest common factor of 209 and 1206?
1
Calculate the highest common divisor of 5487 and 149388.
177
Calculate the greatest common factor of 398 and 1169921.
199
Calculate the highest common divisor of 732996 and 2376.
1188
What is the greatest common divisor of 2630 and 2230766?
526
Calculate the greatest common factor of 124 and 76818.
62
Calculate the greatest common divisor of 94065 and 75.
15
What is the highest common factor of 4914 and 13338?
702
Calculate the highest common divisor of 5392937 and 22.
11
What is the greatest common divisor of 105569 and 922?
461
What is the highest common divisor of 37 and 155326?
37
Calculate the greatest common divisor of 2025 and 90075.
75
Calculate the highest common factor of 35 and 399.
7
What is the greatest common divisor of 696 and 201434?
58
What is the highest common factor of 2 and 148574?
2
What is the highest common divisor of 9000 and 12408?
24
What is the greatest common divisor of 8848 and 23779?
553
Calculate the highest common factor of 1092 and 4452.
84
Calculate the greatest common factor of 963412 and 4.
4
What is the highest common divisor of 541558 and 1158?
386
Calculate the greatest common divisor of 84 and 876729.
21
Calculate the highest common divisor of 36806 and 5698.
154
What is the highest common divisor of 99 and 23672?
11
Calculate the greatest common divisor of 45078 and 44.
22
Calculate the greatest common divisor of 75 and 191675.
25
Calculate the greatest common divisor of 16687 and 35002.
407
Calculate the greatest common factor of 128 and 3714.
2
Calculate the greatest common divisor of 5 and 6586.
1
Calculate the highest common divisor of 834078 and 6.
6
What is the highest common divisor of 216 and 492696?
216
Calculate the greatest common divisor of 16788 and 48.
12
What is the greatest common factor of 456 and 22306?
38
Calculate the greatest common factor of 322186 and 2.
2
Calculate the greatest common factor of 7620952 and 8.
8
What is the greatest common divisor of 1024 and 320?
64
Calculate the highest common divisor of 144760 and 1243.
11
What is the greatest common divisor of 388 and 1156?
4
Calculate the greatest common factor of 285190 and 2054.
158
Calculate the greatest common factor of 15896 and 72.
8
What is the highest common factor of 555 and 1427571?
111
What is the greatest common divisor of 1274911 and 143?
11
Calculate the greatest common divisor of 131 and 1793521.
131
What is the highest common divisor of 110966 and 29460?
982
Calculate the highest common divisor of 65 and 9185.
5
What is the greatest common factor of 232713 and 36?
9
What is the highest common factor of 209527 and 3291?
1097
What is the highest common divisor of 272442 and 36?
6
What is the greatest common factor of 49202 and 146?
146
What is the greatest common divisor of 302802 and 463?
463
Calculate the greatest common divisor of 15865 and 394120.
835
What is the highest common factor of 30 and 157704?
6
Calculate the highest common divisor of 816326 and 14.
14
Calculate the highest common factor of 528 and 30822.
66
What is the highest common factor of 7880 and 45?
5
Calculate the highest common divisor of 262775 and 25.
25
What is the highest common divisor of 15 and 3568950?
15
Calculate the greatest common factor of 28265 and 45.
5
What is the greatest common factor of 439208 and 2139?
713
Calculate the highest common divisor of 1318683 and 2265.
453
What is the greatest common divisor of 184873 and 13?
13
Calculate the greatest common factor of 403768 and 328.
328
Calculate the greatest common factor of 122 and 139873.
61
Calculate the greatest common factor of 2412 and 3335193.
603
What is the greatest common factor of 1028 and 3342285?
257
Calculate the greatest common divisor of 1463 and 38423.
77
Calculate the greatest common divisor of 3344 and 6600.
88
Calculate the greatest common factor of 40 and 90370.
10
Calculate the greatest common divisor of 5732 and 32.
4
What is the highest common divisor of 5085 and 315?
45
Calculate the greatest common divisor of 97200 and 1458.
486
What is the greatest common factor of 249 and 38844?
249
Calculate the greatest common factor of 135 and 1185.
15
What is the highest common divisor of 420890 and 10?
10
Calculate the highest common factor of 33024 and 3264.
192
What is the greatest common factor of 1641 and 534?
3
Calculate the greatest common factor of 11716 and 1566.
58
Calculate the highest common factor of 315 and 36400.
35
Calculate the greatest common factor of 155 and 55695.
5
Calculate the greatest common factor of 58513 and 14.
7
Calculate the highest common divisor of 44368 and 188.
188
What is the greatest common divisor of 60 and 34030?
10
Calculate the highest common factor of 1 and 12149.
1
What is the highest common divisor of 65535 and 105?
15
Calculate the highest common factor of 8414 and 70.
14
Calculate the greatest common factor of 33631 and 398.
199
Calculate the greatest common factor of 755878 and 914.
914
Calculate the highest common factor of 992 and 19468.
124
Calculate the highest common factor of 3199 and 6125.
7
Calculate the greatest common factor of 660258 and 135.
27
What is the highest common factor of 14050680 and 30?
30
What is the greatest common divisor of 312 and 162318?
78
Calculate the highest common factor of 102114 and 248.
62
Calculate the greatest common factor of 15 and 119157.
3
Calculate the highest common factor of 108 and 844.
4
What is the highest common divisor of 105 and 1281?
21
Calculate the highest common divisor of 1436 and 356.
4
What is the greatest common divisor of 42 and 2295069?
21
Calculate the highest common divisor of 4161 and 4.
1
Calculate the highest common divisor of 10142 and 57662.
22
What is the highest common factor of 7837732 and 28?
28
Calculate the greatest common factor of 14292 and 396.
36
Calculate the highest common factor of 57 and 2810746.
19
Calculate the highe